*3 - 15*x**2 - 2*x + 7. Let v(q) = -5*q**3 + 14*q**2 + q - 7. Let b(g) = 5*v(g) + 4*w(g). Let l be b(7). Is l - -2 - (1 - -2) prime?
False
Let n = 3719 - 2568. Is n a prime number?
True
Let j(g) = -7*g**3 + 12*g**2 - 4*g + 4. Let f(c) = -8*c**3 + 13*c**2 - 5*c + 4. Let t(o) = -6*f(o) + 7*j(o). Let u be t(7). Let n = 80 - u. Is n prime?
False
Let r(k) be the first derivative of 113*k**2/2 - 5*k - 3. Is r(3) a prime number?
False
Suppose 31225 = 10*i - 54765. Suppose 5*a = 5*o + 8590, 2*a + 2*o + i = 7*a. Is a a composite number?
False
Let d(n) = 186*n - 17. Let o be (-1)/(-3) - (-44)/(-6). Let i be -1 + (-1 + 3 - o). Is d(i) composite?
False
Let v = -17 + 22. Suppose -v*n + 3 = -17. Is 2 - 4 - (-147 - n) a composite number?
False
Let g = 25 - 22. Suppose g*b - 2*b = 149. Is b a composite number?
False
Let w be 2*(4/1 - 3). Suppose y = w*z - 809, 4*y = 2*z - 1187 + 393. Is z composite?
True
Let h be (0 - (-54)/15)*(-40)/(-12). Is ((-289)/(-4))/(3/h) composite?
True
Let b(q) = q**2 - 14*q + 154. Is b(-57) prime?
True
Suppose n - 8 + 3 = 0. Suppose n*t - 610 = 1095. Is t composite?
True
Let g = -6736 - -74123. Is g a composite number?
True
Suppose -7 = 3*b - 10. Let x(a) = 2*a. Let o be x(b). Suppose 2*c + o*q = 228, 4*c - 3*c - 4*q = 89. Is c a prime number?
True
Is (0 + 59932/10)/((-6)/(-15)) a composite number?
False
Let o = -12 - -17. Suppose 5 = o*b - 20. Is (-3)/b - (-3716)/10 a composite number?
True
Let n(r) = r**3 - 2*r**2 - 3*r + 4. Let c be n(3). Suppose 0 = c*p - 3*i - 7840, 5869 = 6*p - 3*p - 5*i. Is p a prime number?
False
Let n(c) = 3*c + 15. Let m be n(-6). Let k(y) = y + 7. Let a be k(m). Suppose -96 = -2*w - a*u + 2, -2*w + 102 = 2*u. Is w prime?
True
Let z(p) = -3*p - 12 + 5*p**2 + 3 + 5 + 6. Is z(-4) a prime number?
False
Let p(z) = 9 + 5*z + 19 + 22 - 3. Is p(19) composite?
True
Suppose 3*d + 5 + 4 = 0, 28063 = 5*b + 4*d. Is b composite?
True
Let g(t) = -t + 3. Let l be g(15). Let f be ((-272)/l)/((-1)/(-3)). Suppose -m = -81 - f. Is m a composite number?
False
Let i be 2583/(6 + -3) + -2. Let d = -1477 + i. Is (3 - d/9)*3 a prime number?
False
Let o = -2548 + 5896. Suppose -3*l - 2*f - 2*f = -2509, -4*f + o = 4*l. Is l a prime number?
True
Suppose 46459 = -20*r + 27*r. Is r a composite number?
False
Suppose 2*r + o = 1360, 2*r + 3*o + 114 - 1474 = 0. Let d = 2383 - r. Is d composite?
True
Is (11/(330/185595))/(2/4) composite?
False
Let s(x) = 3 - 1 - 2*x + 0 - 3*x. Let a be s(5). Let d = a - -34. Is d a composite number?
False
Let k = 164 + 72. Let j be 3 - 4/(8/10). Is (-2)/(464/k + j) composite?
False
Let f(b) = b - 8. Let s be f(12). Suppose 22500 + 1452 = s*k. Is (-5)/(-2)*k/30 prime?
True
Let u = -16 + 10. Let j = 10 - u. Let z = j + -13. Is z a composite number?
False
Let r be (5 + -4 - 1)/1. Suppose 2 = -z + 3*z, r = 4*a - 2*z + 2078. Let x = 848 + a. Is x a composite number?
True
Suppose 3*x - 318114 - 14463 = 4*i, 2*i - 6 = 0. Is x a prime number?
True
Let w be 128 + 0/(5/(-1)). Let h be ((-450)/8)/((-2)/8). Let v = h - w. Is v prime?
True
Let i = -259 + 1048. Is -1*(-3)/(9/i) prime?
True
Let a = -612 + 310. Let i = -239 - -30. Let g = i - a. Is g a prime number?
False
Suppose -m - 5*q = 109, 3*m - 5*q + 69 = 2*m. Let s be -5 + (-10)/(70/(-1029)). Let c = m + s. Is c composite?
False
Let i(j) = 82*j + 4 - 1 + 2. Is i(5) a prime number?
False
Suppose 0 = 4*j + 12 - 32, 31 = 3*q + 5*j. Suppose 2*d = -0*x + x, 5 = -q*x + 5*d. Is (-4)/x + (-8435)/(-25) a composite number?
False
Suppose -s + u = -3341, -3*u + 3349 = 7*s - 6*s. Is s a composite number?
False
Suppose -13984 + 5299 = -5*u. Suppose 5*x - u = 1048. Is x composite?
False
Let s = 13 + -11. Suppose 2*v - 639 = -n, 3*v - 2*n - s*n - 953 = 0. Is v composite?
True
Let m(a) be the third derivative of -37*a**7/5040 - a**6/80 + 3*a**5/20 + 7*a**2. Let x(s) be the third derivative of m(s). Is x(-4) a composite number?
False
Let v = 5522 + 947. Is v prime?
True
Is 24/8*(-8732)/(-12) prime?
False
Suppose -5*d + 8 = -12. Suppose 0*v + 2384 = d*v. Is 6/(-12)*v/(-2) a prime number?
True
Suppose -4*n - 348 = 3*w, -5*n + 102 - 538 = 4*w. Let j = -55 - n. Let x = j + -22. Is x a composite number?
False
Suppose 3*v + 6 = 4*i - 0*i, i = -3. Is (0 - -39)*(-10)/v a composite number?
True
Suppose 3*d + 2*l - 66887 = -3*l, 2*d - 44606 = 4*l. Is d a prime number?
False
Let a(k) = k**2 - 6*k + 2. Let w be a(5). Is -2 - (-2 + (w + 3 - 2)) prime?
True
Let u(n) = n**3 + 12*n**2 - 29*n + 13. Is u(-8) a prime number?
False
Let p(u) = 5*u**3 - 19*u**2 + 12*u + 111. Is p(21) prime?
False
Suppose 5*y - 1369 = -3*p, -3*y - 5*p = -607 - 224. Suppose 2*v + y = 6*v - 4*i, -2*i - 6 = 0. Is v a composite number?
True
Suppose 4*l - 36 = -5*l. Suppose -r - s + 35 = 0, -r = -3*r - l*s + 78. Is r a composite number?
False
Suppose 945 = 2*m + m. Suppose -m + 950 = 5*o. Let h = o + -72. Is h a composite number?
True
Let o = 126393 - 36880. Is o composite?
False
Let f(l) be the first derivative of l**6/360 - l**5/60 - 11*l**4/24 + 2*l**3 + 6. Let a(i) be the third derivative of f(i). Is a(-6) a composite number?
False
Let a(j) = j**3 - 8*j**2 - 19*j + 13. Let y be a(10). Suppose -327 = -26*w + y*w. Is w composite?
False
Let b(j) = -j**2 - 6*j + 13. Let x be b(-7). Suppose -45 - 537 = -x*h. Is h a prime number?
True
Suppose 22697 = 4*v - 7835. Is v prime?
False
Let u(s) = 664*s + 331. Is u(28) prime?
False
Let g(l) = 6806*l + 893. Is g(6) a prime number?
True
Let w be 0/(1 + 3) + 551. Is w - (-6 - -4) - (0 + 0) composite?
True
Let l = -1262 + 1893. Is l composite?
False
Let k = -29973 - -49952. Is k a composite number?
False
Suppose 1537 + 1873 = 5*z. Suppose -765 = 3*s + 2*s. Let d = z + s. Is d a prime number?
False
Suppose y - s + 3*s = 9023, 0 = -5*y - 4*s + 45133. Is y composite?
False
Suppose -5*u - 175 = -3345. Suppose u = 6*j - 4*j. Is j a composite number?
False
Let d(r) be the third derivative of r**6/20 + r**5/10 - 5*r**4/24 + r**3/3 + 4*r**2. Is d(5) prime?
True
Suppose 0 = -49*d + 50*d + 9. Is 8394/9 + (-12)/d composite?
True
Let n(v) = 3*v**3 + 50*v**2 + 21*v + 23. Is n(25) composite?
True
Suppose -5*y = -10 - 15. Suppose -2*o - 1583 = -4*o + y*i, -5*i - 794 = -o. Is o a composite number?
True
Suppose 2*v + i + 13232 = 5*i, -3*v = 3*i + 19839. Let o = -3857 - v. Is o a prime number?
False
Let d be (-2)/(-4)*(6 + 42/(-7)). Suppose 2*h + y - 2271 = d, h + 4*y - 48 = 1077. Is h composite?
True
Suppose 2*a + 46 = -5*z, -2*a + 3*z = 17 + 13. Let l(w) = 11*w**2 + 26*w + 11. Is l(a) prime?
False
Let c(v) = -29*v**2 + 3*v + 1. Let s be c(5). Let m = 1189 + s. Suppose -3*o + n + 492 = o, -m = -4*o - 2*n. Is o a prime number?
False
Suppose -5*z = -3*x + 14598, -3*z - z - 12 = 0. Is x a prime number?
True
Let l(r) = -487*r - 264. Is l(-23) prime?
True
Suppose 4*l - 50 = 2178. Is l a prime number?
True
Suppose 0 = -5*a - 3*a + 63208. Is a composite?
False
Let p be (-141)/(-27) + 6/(-27). Suppose 0 = 3*m - p*m + 616. Is 3 - (-9)/(18/m) prime?
True
Suppose -25*x + 587776 = -440499. Is x prime?
True
Let l(x) = x**3 - 3*x**2 + 2*x + 2. Let p be l(2). Let j be ((-4)/(4/p))/(-1). Suppose -3*o = o + 2*q - 330, -j*q + 2 = 0. Is o composite?
True
Suppose 0 = -3*n + 1300 + 281. Is n composite?
True
Let j = 444 - -41321. Is j composite?
True
Let z(p) = 12*p**3 - 9*p**2 + 67*p - 15. Is z(10) composite?
True
Suppose -2*b - 4*y + 4658 = -6*y, 5*b - y = 11661. Is b a composite number?
False
Suppose -5*m = t + 10 + 22, -3*m - 4*t - 26 = 0. Let d(f) = -11*f**3 + 3*f + 3. Is d(m) a prime number?
False
Suppose -r + 27 = -5*p, -161 = 3*r - 8*r - p. Let o = -25 + r. Is o a prime number?
True
Let r(k) = 26*k + 19. Let v(j) = -j**2 + 52*j + 37. Let t(z) = 5*r(z) - 2*v(z). Is t(-17) a prime number?
True
Let a = -15 - -20. Let o(m) = 2*m**2 + 9 + 12*m + m**2 - a*m. Is o(-11) a composite number?
True
Let a = 6923 + 975. Let c = a - 4267. Is c a composite number?
False
Let i(t) be the third derivative of t**8/20160 + t**6/240 + t**5/15 + 7*t**2. Let q(y) be the third derivative of i(y). Is q(-8) composite?
False
Let t be (-35 - (0 + -2))*316/(-6). Let d = 3395 - t. Is d a composite number?
False
Let s = -27 - -29. Suppose a + g = -0*g + 1561, g = s. Is a a prime number?
True
Let r(m) = 33*m**3 - 3*m**2 - 31*m - 11. Is r(6) a p